{"id":12,"date":"2024-09-19T20:35:01","date_gmt":"2024-09-19T20:35:01","guid":{"rendered":"https:\/\/www.ffreithwen.co.uk\/nantbhevents-cy\/?page_id=12"},"modified":"2025-02-03T16:15:48","modified_gmt":"2025-02-03T16:15:48","slug":"llyn-y-parc","status":"publish","type":"page","link":"https:\/\/www.ffreithwen.co.uk\/nantbhevents-cy\/llyn-y-parc\/","title":{"rendered":"Ras Llyn Y Parc 2025"},"content":{"rendered":"\n<p id=\"tw-target-text\">Dydd Sadwrn 15 Chwefror 2025<\/p>\n\n\n\n<p>GWELER Y DUDALEN DDIWEDDARAF TERFYNOL AM Y RAS AM WYBODAETH TERFYNOL .<\/p>\n\n\n\n<p>Dewch i ymuno \u00e2 ni am rai llwybrau llwybr gwych drwy&#8217;r goedwig, gyda phellteroedd 5K a 10K. Mae pob ras yn dechrau ac yn gorffen yng Nghanolfan Nant BH. Mae rhywfaint o lefydd parcio ar gael yn y Ganolfan, gyda maes parcio mwy yn Llanrwst, a nifer o feysydd parcio llai yn cael eu dangos ar y map yn weddol agos at y brif Ganolfan. Rhannwch car o Lanrwst os yn bosib.<\/p>\n\n\n\n<p>Bydd gofyniad cit gorfodol ar gyfer y llwybr 5K a 10K.&nbsp; Gall y tywydd ym mis Chwefror fod yn anrhagweladwy, ac mae\u2019r goedwig yn eithaf agored mewn rhai mannau, felly bydd angen i chi wneud yn si\u0175r bod gennych brofiad o redeg o dan yr amodau hyn a allai fod yn fwy heriol.&nbsp; Efallai y bydd gwyntoedd cryfion, glaw llorweddol, yn bwrw eira neu hyd yn oed yn osteg a heulog! Pwy a \u0175yr?<\/p>\n\n\n\n<p>Gellir cofrestru ar gyfer pob ras trwy Fabian4 ( <a href=\"https:\/\/www.fabian4.co.uk\/default.aspx?EventID=3818\">https:\/\/www.fabian4.co.uk\/default.aspx?EventID=3818<\/a> ), gyda\u2019r cofrestriadau yn cau ar <strong>ddydd Gwener 14 Chwefror 10yb<\/strong>. Felly, ni fydd unrhyw geisiadau ar y diwrnod! Bydd y rasys 5K a 10K yn cynnwys amseru electronig RaceTek, cofarwydd ar \u00f4l cwblhau\u2019r ras yn ogystal \u00e2 chawl a rh\u00f4l ar \u00f4l i chi orffen.  Bydd cofrestru yn y Ganolfan ar agor o 9am ar ddiwrnod y ras. Bydd pob cwrs wedi\u2019i farcio\u2019n llawn gyda marsialiaid ar bwyntiau allweddol. &nbsp;&nbsp;<\/p>\n\n\n\n<figure class=\"wp-block-image size-full\"><img loading=\"lazy\" decoding=\"async\" width=\"589\" height=\"813\" src=\"https:\/\/www.ffreithwen.co.uk\/nantbhevents-cy\/wp-content\/uploads\/2024\/11\/V2-Trail-Race-Parking.jpg\" alt=\"\" class=\"wp-image-101\" srcset=\"https:\/\/www.ffreithwen.co.uk\/nantbhevents-cy\/wp-content\/uploads\/2024\/11\/V2-Trail-Race-Parking.jpg 589w, https:\/\/www.ffreithwen.co.uk\/nantbhevents-cy\/wp-content\/uploads\/2024\/11\/V2-Trail-Race-Parking-217x300.jpg 217w\" sizes=\"auto, (max-width: 589px) 100vw, 589px\" \/><figcaption class=\"wp-element-caption\">Meysydd parcio rasys llwybr<\/figcaption><\/figure>\n\n\n\n<h2 class=\"wp-block-heading has-light-gray-background-color has-background\">Llyn Y Parc 5K<\/h2>\n\n\n\n<p>Llwybr gwych sy\u2019n gwneud cylch mawr trwy lwybrau\u2019r goedwig at Lyn y Parc cyn dychwelyd at y Ganolfan ar hyd llwybrau llai. &nbsp;&nbsp;&nbsp;<\/p>\n\n\n\n<p>Mae&#8217;n rhaid bod yn 14 oed ar ddiwrnod y ras i gymryd rhan.<\/p>\n\n\n\n<p>Mae\u2019n costio \u00a315 i gofrestru ar gyfer y ras, yn cynnwys amseru RaceTek.<\/p>\n\n\n\n<p>Nid yw rhannau o\u2019r llwybr yn addas ar gyfer cadeiriau olwyn neu bramiau.<\/p>\n\n\n\n<p>Mae cofrestru yn agor am 9am ac yn cau am 10:10am (20 munud cyn i\u2019r ras ddechrau).<\/p>\n\n\n\n<p>Amser dechrau\u2019r ras yw 10:30am<\/p>\n\n\n\n<p>Map ar gyfer y ras 5K<\/p>\n\n\n\n<figure class=\"wp-block-image size-full\"><img loading=\"lazy\" decoding=\"async\" width=\"811\" height=\"579\" src=\"https:\/\/www.ffreithwen.co.uk\/nantbhevents-cy\/wp-content\/uploads\/2024\/09\/5k-Route-Map-1.jpg\" alt=\"\" class=\"wp-image-60\" srcset=\"https:\/\/www.ffreithwen.co.uk\/nantbhevents-cy\/wp-content\/uploads\/2024\/09\/5k-Route-Map-1.jpg 811w, https:\/\/www.ffreithwen.co.uk\/nantbhevents-cy\/wp-content\/uploads\/2024\/09\/5k-Route-Map-1-300x214.jpg 300w, https:\/\/www.ffreithwen.co.uk\/nantbhevents-cy\/wp-content\/uploads\/2024\/09\/5k-Route-Map-1-768x548.jpg 768w, https:\/\/www.ffreithwen.co.uk\/nantbhevents-cy\/wp-content\/uploads\/2024\/09\/5k-Route-Map-1-624x445.jpg 624w\" sizes=\"auto, (max-width: 811px) 100vw, 811px\" \/><\/figure>\n\n\n\n<figure class=\"wp-block-image size-full\"><img loading=\"lazy\" decoding=\"async\" width=\"424\" height=\"332\" src=\"https:\/\/www.ffreithwen.co.uk\/nantbhevents-cy\/wp-content\/uploads\/2024\/09\/5k-Elevation.jpg\" alt=\"\" class=\"wp-image-61\" srcset=\"https:\/\/www.ffreithwen.co.uk\/nantbhevents-cy\/wp-content\/uploads\/2024\/09\/5k-Elevation.jpg 424w, https:\/\/www.ffreithwen.co.uk\/nantbhevents-cy\/wp-content\/uploads\/2024\/09\/5k-Elevation-300x235.jpg 300w\" sizes=\"auto, (max-width: 424px) 100vw, 424px\" \/><\/figure>\n\n\n\n<hr class=\"wp-block-separator has-alpha-channel-opacity\"\/>\n\n\n\n<h2 class=\"wp-block-heading has-light-gray-background-color has-background\">Llyn Y Parc 10K<\/h2>\n\n\n\n<p>Y ras hiraf!&nbsp; Llwybr heriol sy\u2019n mynd i lawr o Ganolfan Nant BH i Fetws-y-coed ar draciau coedwig. Ar \u00f4l rhan fechan o ffordd wledig dawel mae angen dringo i fyny llwybr troed anodd at geunant hyfryd Aberlllyn i ailymuno \u00e2\u2019r llwybr 5K ar hyd llwybr traethlin Llyn y Parc a dychwelyd i\u2019r ganolfan drwy fynd ar hyd llwybrau traciau sengl mwy technegol.<\/p>\n\n\n\n<p>Mae&#8217;n rhaid bod yn 16 oed ar ddiwrnod y ras i gymryd rhan.<\/p>\n\n\n\n<p>Mae\u2019n costio \u00a320 i gofrestru ar gyfer y ras, yn cynnwys amseru RaceTek.<\/p>\n\n\n\n<p>Nid yw rhannau o\u2019r llwybr yn addas ar gyfer cadeiriau olwyn neu bramiau.<\/p>\n\n\n\n<p>Mae cofrestru yn agor am 9am ac yn cau am 10:10am (20 munud cyn i\u2019r ras ddechrau).<\/p>\n\n\n\n<p>Amser dechrau\u2019r ras yw 10.30am<\/p>\n\n\n\n<p>Map ar gyfer y ras 10K<\/p>\n\n\n\n<figure class=\"wp-block-image size-full\"><img loading=\"lazy\" decoding=\"async\" width=\"718\" height=\"603\" src=\"https:\/\/www.ffreithwen.co.uk\/nantbhevents-cy\/wp-content\/uploads\/2024\/09\/10k-Route-Map-1.jpg\" alt=\"\" class=\"wp-image-64\" srcset=\"https:\/\/www.ffreithwen.co.uk\/nantbhevents-cy\/wp-content\/uploads\/2024\/09\/10k-Route-Map-1.jpg 718w, https:\/\/www.ffreithwen.co.uk\/nantbhevents-cy\/wp-content\/uploads\/2024\/09\/10k-Route-Map-1-300x252.jpg 300w, https:\/\/www.ffreithwen.co.uk\/nantbhevents-cy\/wp-content\/uploads\/2024\/09\/10k-Route-Map-1-624x524.jpg 624w\" sizes=\"auto, (max-width: 718px) 100vw, 718px\" \/><\/figure>\n\n\n\n<figure class=\"wp-block-image size-full\"><img loading=\"lazy\" decoding=\"async\" width=\"417\" height=\"330\" src=\"https:\/\/www.ffreithwen.co.uk\/nantbhevents-cy\/wp-content\/uploads\/2024\/09\/10k-Elevation.jpg\" alt=\"\" class=\"wp-image-63\" srcset=\"https:\/\/www.ffreithwen.co.uk\/nantbhevents-cy\/wp-content\/uploads\/2024\/09\/10k-Elevation.jpg 417w, https:\/\/www.ffreithwen.co.uk\/nantbhevents-cy\/wp-content\/uploads\/2024\/09\/10k-Elevation-300x237.jpg 300w\" sizes=\"auto, (max-width: 417px) 100vw, 417px\" \/><\/figure>\n\n\n\n<p><\/p>\n\n\n\n<hr class=\"wp-block-separator has-alpha-channel-opacity\"\/>\n\n\n\n<figure class=\"wp-block-image size-large is-resized\"><img loading=\"lazy\" decoding=\"async\" width=\"1024\" height=\"1024\" src=\"https:\/\/www.ffreithwen.co.uk\/nantbhevents-cy\/wp-content\/uploads\/2024\/10\/Conwy-CBC-Logo-RGB-2-1024x1024.jpg\" alt=\"\" class=\"wp-image-96\" style=\"width:84px;height:auto\" srcset=\"https:\/\/www.ffreithwen.co.uk\/nantbhevents-cy\/wp-content\/uploads\/2024\/10\/Conwy-CBC-Logo-RGB-2-1024x1024.jpg 1024w, https:\/\/www.ffreithwen.co.uk\/nantbhevents-cy\/wp-content\/uploads\/2024\/10\/Conwy-CBC-Logo-RGB-2-300x300.jpg 300w, https:\/\/www.ffreithwen.co.uk\/nantbhevents-cy\/wp-content\/uploads\/2024\/10\/Conwy-CBC-Logo-RGB-2-150x150.jpg 150w, https:\/\/www.ffreithwen.co.uk\/nantbhevents-cy\/wp-content\/uploads\/2024\/10\/Conwy-CBC-Logo-RGB-2-768x768.jpg 768w, https:\/\/www.ffreithwen.co.uk\/nantbhevents-cy\/wp-content\/uploads\/2024\/10\/Conwy-CBC-Logo-RGB-2-1536x1536.jpg 1536w, https:\/\/www.ffreithwen.co.uk\/nantbhevents-cy\/wp-content\/uploads\/2024\/10\/Conwy-CBC-Logo-RGB-2-2048x2048.jpg 2048w, https:\/\/www.ffreithwen.co.uk\/nantbhevents-cy\/wp-content\/uploads\/2024\/10\/Conwy-CBC-Logo-RGB-2-624x624.jpg 624w\" sizes=\"auto, (max-width: 1024px) 100vw, 1024px\" \/><\/figure>\n\n\n\n<p><\/p>\n","protected":false},"excerpt":{"rendered":"<p>Dydd Sadwrn 15 Chwefror 2025 GWELER Y DUDALEN DDIWEDDARAF TERFYNOL AM Y RAS AM WYBODAETH TERFYNOL . Dewch i ymuno \u00e2 ni am rai llwybrau llwybr gwych drwy&#8217;r goedwig, gyda phellteroedd 5K a 10K. Mae pob ras yn dechrau ac yn gorffen yng Nghanolfan Nant BH. Mae rhywfaint o lefydd parcio ar gael yn y [&hellip;]<\/p>\n","protected":false},"author":1,"featured_media":18,"parent":0,"menu_order":2,"comment_status":"closed","ping_status":"closed","template":"","meta":{"footnotes":""},"class_list":["post-12","page","type-page","status-publish","has-post-thumbnail","hentry"],"_links":{"self":[{"href":"https:\/\/www.ffreithwen.co.uk\/nantbhevents-cy\/wp-json\/wp\/v2\/pages\/12","targetHints":{"allow":["GET"]}}],"collection":[{"href":"https:\/\/www.ffreithwen.co.uk\/nantbhevents-cy\/wp-json\/wp\/v2\/pages"}],"about":[{"href":"https:\/\/www.ffreithwen.co.uk\/nantbhevents-cy\/wp-json\/wp\/v2\/types\/page"}],"author":[{"embeddable":true,"href":"https:\/\/www.ffreithwen.co.uk\/nantbhevents-cy\/wp-json\/wp\/v2\/users\/1"}],"replies":[{"embeddable":true,"href":"https:\/\/www.ffreithwen.co.uk\/nantbhevents-cy\/wp-json\/wp\/v2\/comments?post=12"}],"version-history":[{"count":34,"href":"https:\/\/www.ffreithwen.co.uk\/nantbhevents-cy\/wp-json\/wp\/v2\/pages\/12\/revisions"}],"predecessor-version":[{"id":138,"href":"https:\/\/www.ffreithwen.co.uk\/nantbhevents-cy\/wp-json\/wp\/v2\/pages\/12\/revisions\/138"}],"wp:featuredmedia":[{"embeddable":true,"href":"https:\/\/www.ffreithwen.co.uk\/nantbhevents-cy\/wp-json\/wp\/v2\/media\/18"}],"wp:attachment":[{"href":"https:\/\/www.ffreithwen.co.uk\/nantbhevents-cy\/wp-json\/wp\/v2\/media?parent=12"}],"curies":[{"name":"wp","href":"https:\/\/api.w.org\/{rel}","templated":true}]}}